common factor of i and 848.
212
Let w be (49 - 61)/(4/(-10)). Suppose -9*d + 6 = -w. Calculate the greatest common divisor of 8 and d.
4
Suppose -7105 - 812 = -38*u - 621. Suppose 3*h + n + 0*n - 387 = 0, -4*n + 652 = 5*h. Calculate the greatest common divisor of u and h.
64
Let h(a) = -17*a**2 + 26*a - 15*a**2 - 9*a**2 + 43*a**2 - 19. Let r be h(-17). Let o be (3 - 1)*(-13)/(-2). Calculate the greatest common divisor of r and o.
13
Let k be 90/(-20)*(-3 - (3 - 4)) - -1454. What is the highest common divisor of 2717 and k?
209
Suppose 23 = -0*n + n + 4*a, -3*n + 5*a - 16 = 0. Suppose 5*r = n*r + 1304. Let b be (-6)/18 + r/3 - 1. What is the greatest common factor of b and 24?
24
Let d(r) = -7*r - 3. Let f be d(-15). Suppose -10*n - 22 = -f. What is the highest common divisor of 88 and n?
8
Suppose -7*x - 9 = -114. Suppose 3*l + 25 + 11 = 0. Let a = -6 - l. Calculate the greatest common divisor of x and a.
3
Suppose 0 = -70*y + 68*y + 596. Let t = y - 154. Calculate the greatest common divisor of 18 and t.
18
Suppose 240*z + 72 = 246*z. Let w be -31*-1*z/2. What is the highest common divisor of 496 and w?
62
Let s be 0*((-5)/(-2))/(-5). Suppose s = o + o - 10. Suppose 432 = 5*m - x - 3*x, 448 = o*m + 4*x. Calculate the greatest common factor of m and 22.
22
Suppose -136 = -4*v + 64 + 276. Calculate the greatest common factor of v and 30583.
119
Let k = -17 + 13. Let s be ((-48)/(-4) - 4) + k. Suppose 5*g - x - s - 46 = 0, 3*x = 3*g - 18. What is the greatest common factor of 11 and g?
11
Let f(g) = -g**3 - 9*g**2 - 12*g - 27. Let a = -37 - -35. Let z(y) = -y**2 - 4. Let q be z(a). Let h be f(q). Calculate the highest common factor of h and 10.
5
Suppose 2*x + 4*a - 47236 = 0, -462*a = 4*x - 459*a - 94477. What is the highest common factor of x and 20?
20
Suppose 0 = 34*a - 38*a + 96. Let l = 46 - a. Suppose 2*c = -3*t + 10, -c + 3*t + l = c. Calculate the greatest common factor of 64 and c.
8
Suppose -41*g = -41*g - 122*g + 854. What is the highest common divisor of 441 and g?
7
Let n be (8 - -3)*(-3108)/(-21). Calculate the greatest common factor of n and 20.
4
Suppose 3*t - 158 = -3*w + 10, w + 109 = 2*t. Let x = t + -49. Suppose -27 = -4*g + 141. What is the greatest common factor of g and x?
6
Suppose 447 - 1033 = 14*o - 4170. What is the greatest common divisor of o and 4?
4
Suppose 3*x + 3*y - 63 = 0, 4*x = 7*x + 5*y - 71. Let r(g) = 2*g**3 - 33*g**2 - 14*g - 38. Let b be r(x). Calculate the greatest common divisor of 1 and b.
1
Let v = 3 - 0. Suppose -5*f - 3*o + 39 = 0, -46*f + 32 = -42*f + 2*o. Calculate the greatest common divisor of v and f.
3
Suppose -20*j = -680 + 3800. Let l = 273 + j. Let i be (-1)/(20/(-130)*1/2). Calculate the highest common factor of l and i.
13
Suppose -2*u + 4*c + 1 + 195 = 0, -3*c = -5*u + 504. Calculate the highest common divisor of u and 1190.
34
Suppose -10*b = 2383 - 62213. What is the highest common factor of 386 and b?
193
Let j(p) = 9*p**3 + p. Let o be j(1). Let l = 20 - 2. Suppose 3*g - 2*x - 16 - 10 = 0, -2*g + x = -l. What is the highest common divisor of g and o?
10
Suppose 3*h - 188*s = -189*s + 319, -5*s = 25. Calculate the greatest common factor of h and 1017.
9
Suppose -5*k + 3*r = -9557, -89*r = 3*k - 88*r - 5723. What is the greatest common factor of 1494 and k?
83
Suppose -13909*h + 13788*h + 1936 = 0. Let j(c) = -16*c + 8. Let d be j(-6). What is the greatest common divisor of h and d?
8
Suppose 0 = -32*w + r + 101, 53 = 2*w - 3*r + 32. Suppose -2*k + 6 = 3*f - f, 5*f = -2*k. Let v be 3 - f/(-4)*0. What is the greatest common factor of v and w?
3
Let z(l) be the second derivative of l**5/20 + 5*l**4/12 + 2*l**3/3 + 2*l**2 + 34*l. Let y be z(-3). Calculate the greatest common factor of 250 and y.
10
Suppose 0 = x - 3*l - 165, -3*l = -8 - 4. Suppose 4*d - 7 = x. What is the greatest common factor of 69 and d?
23
Let z be -3*2/9*(-3)/(-2). Let m be (-134)/(-8) + -6 + z/(-4). Suppose -4*n = -5*a + 58 + 36, -2*n + 8 = 0. Calculate the greatest common divisor of a and m.
11
Let l = 26 + -54. Suppose 0 = 6*q - 20*q - 350. Let u = q - l. Calculate the greatest common factor of u and 9.
3
Let a = 89 - -6. Let z = 47 - -29. Calculate the greatest common factor of z and a.
19
Suppose k - 4725 = -3*t, 9*k + t = 12*k - 14245. What is the highest common divisor of 168 and k?
42
Suppose 4605 = 4*m + 3*b, 6*m = 4*m - 2*b + 2300. What is the highest common factor of m and 220?
55
Let g be -14*(3/6 - 2). Suppose 0 = -7*b + 183 + 27. Suppose 0 = b*n - 33*n + 63. What is the greatest common factor of g and n?
21
Let p = -494 - -526. Suppose 464 = p*o - 24*o. What is the highest common divisor of 116 and o?
58
Let j = -13412 + 14684. Calculate the greatest common factor of 1802 and j.
106
Let c(l) = 7*l**2 + 3*l - 4. Let b be c(-4). Let r be (-5445)/(-3267)*(-108)/(-5). What is the greatest common factor of b and r?
12
Let o be ((1152/40)/(-6))/((-1)/675). Suppose -a - 17*a = -o. What is the highest common factor of a and 12?
12
Let u(i) = -i**3 - 66*i**2 - 241*i + 482. Let l be u(-62). Suppose -2*d + d = -36. What is the greatest common divisor of l and d?
12
Suppose 4*l + 3*p - 2840 = -2*p, 4*l = 2*p + 2868. Let r = 3995 + -3940. What is the highest common factor of r and l?
55
Let i be 2085/(-63) - 2/(-21). Let f be ((-253)/i)/((-5)/(-375)). Calculate the greatest common factor of 25 and f.
25
Let p be 177/12*-18*8/(-12). Let a = p + -81. What is the greatest common divisor of a and 3?
3
Let x be 8/6*(-241 - (-21)/3). Let v = x + 324. Calculate the greatest common divisor of 20 and v.
4
Let r = 3032 - 2966. Calculate the greatest common factor of 12 and r.
6
Suppose -66 = -3*n + 3*q, -88*n + 86*n - 4*q = -32. Calculate the greatest common factor of n and 682.
2
Let k = 1 + -1. Let d be 8 - k*(-2)/(-4). Let q(u) = 2*u**2 + 388*u - 3646. Let t be q(9). What is the greatest common factor of t and d?
8
Suppose 0 = -2*l - 430*k + 426*k + 796, -1600 = -4*l - 4*k. What is the highest common factor of l and 18?
6
Let w(y) = 10 + 6*y**2 + 0*y**2 - 13*y - y**3 + 15*y**2. Suppose -34*n - 80 = -38*n. Let p be w(n). Calculate the highest common factor of p and 15.
15
Let n = 127573 + -127513. Let k = 258 + 2. Calculate the highest common divisor of k and n.
20
Suppose -5*t + 20 + 0 = 0, 952 = 3*n - 2*t. Let c be n/(-60)*((-1)/(-2) + -2). Calculate the highest common factor of c and 6.
2
Let q(o) = -24 + 6 + 2*o**2 + 2*o**3 + 0*o**2 + 14*o - 11 - 10. Let h be q(3). Let i be (2 + (0 - -43))*1. What is the greatest common factor of i and h?
15
Let l(y) = 2*y - 5. Let q be l(12). Suppose 0 = n - 4*t - q, n + 12*t + 17 = 7*t. Suppose n*u + 43 = 175. Calculate the greatest common divisor of 4 and u.
4
Let q(s) = -3*s**2 + 769 + 3*s**3 - 4*s**2 - 780. Let t be q(5). Calculate the greatest common divisor of 21 and t.
21
Suppose 0*a = a - 4, -4*a + 16 = 5*k. Let g = k - -3. Let i = 2437 + -2413. What is the greatest common factor of g and i?
3
Suppose h = -2*u + 23, 5*u + 28 = 2*h - 0*u. Let j be 3/(-9) - h/(-3). Suppose -22 = -j*f + 32. Calculate the greatest common divisor of f and 81.
9
Let k = 158 + -153. Let p = 11 - -47. Suppose k*o + p = 6*o. Calculate the greatest common divisor of 145 and o.
29
Let x be 642/8 + (-159)/(-424)*(-2)/(-1). What is the greatest common divisor of 1638 and x?
9
Suppose 6*u = -23*u + 58. Suppose -6*j + 4*x = -2*j - 1420, 0 = u*j - x - 705. What is the highest common divisor of 28 and j?
14
Let v be (10/(-4))/(1/4). Let s(i) = i + 14. Let p be s(v). Let w(c) = 8*c + 246. Let j be w(-30). Calculate the highest common factor of j and p.
2
Let q = 13912 - 13899. Suppose 3*u + 6 = 0, 5*h - 8 = 4*u - 0. Let j = h + 13. Calculate the greatest common factor of j and q.
13
Let s be ((-1)/3)/(((-32)/(-156))/(-8)). Let m = 1255 - 878. What is the greatest common divisor of s and m?
13
Suppose 4*n = -d - 0 - 10, -5*d - 4*n = 2. Let t be (9 + -8)*(3 - 1). Suppose -t = -2*y + y. Calculate the highest common divisor of d and y.
2
Suppose -10*c + 3780 = 2*c. Let u be 16/(-6)*c/(-28). What is the highest common factor of u and 750?
30
Let a = -91 + 69. Let s = a + 22. Suppose -3*j + 53 = -5*k, 4*k - 8 = -s. Calculate the highest common factor of j and 14.
7
Suppose 2*x = 5*x + 3*v + 3, -3*x + 5*v = -37. 